{"id":1174,"date":"2025-01-24T14:58:53","date_gmt":"2025-01-24T14:58:53","guid":{"rendered":"https:\/\/proyectosurbanosgt.com\/?page_id=1174"},"modified":"2025-01-24T15:06:17","modified_gmt":"2025-01-24T15:06:17","slug":"kioscos-food-court-centro-tics-uvg","status":"publish","type":"page","link":"https:\/\/proyectosurbanosgt.com\/?page_id=1174","title":{"rendered":"Kioscos Food Court, Centro Tics UVG"},"content":{"rendered":"<p>[et_pb_section fb_built=\u00bb1&#8243; custom_padding_last_edited=\u00bbon|phone\u00bb _builder_version=\u00bb4.27.0&#8243; _module_preset=\u00bbdefault\u00bb background_color=\u00bb#FFFFFF\u00bb custom_padding=\u00bb30px||3px||false|false\u00bb custom_padding_tablet=\u00bb40px||||false|false\u00bb custom_padding_phone=\u00bb40px||||false|false\u00bb global_colors_info=\u00bb{}\u00bb theme_builder_area=\u00bbpost_content\u00bb][et_pb_row column_structure=\u00bb1_2,1_2&#8243; _builder_version=\u00bb4.27.0&#8243; _module_preset=\u00bbdefault\u00bb background_enable_image=\u00bboff\u00bb width=\u00bb90%\u00bb max_width=\u00bb100%\u00bb border_radii=\u00bbon|10px|10px|10px|10px\u00bb global_colors_info=\u00bb{}\u00bb theme_builder_area=\u00bbpost_content\u00bb][et_pb_column type=\u00bb1_2&#8243; _builder_version=\u00bb4.27.0&#8243; _module_preset=\u00bbdefault\u00bb global_colors_info=\u00bb{}\u00bb theme_builder_area=\u00bbpost_content\u00bb][et_pb_text _builder_version=\u00bb4.27.0&#8243; _module_preset=\u00bbdefault\u00bb text_text_color=\u00bb#363636&#8243; header_2_font=\u00bbInter|700||on|||||\u00bb header_2_text_color=\u00bb#1c1c1c\u00bb header_2_font_size=\u00bb30px\u00bb header_2_font_size_tablet=\u00bb30px\u00bb header_2_font_size_phone=\u00bb30px\u00bb header_2_font_size_last_edited=\u00bbon|desktop\u00bb global_colors_info=\u00bb{}\u00bb theme_builder_area=\u00bbpost_content\u00bb]<\/p>\n<h2>Kioscos Food Court, Centro Tics UVG<\/h2>\n<p>Proyecto de remodelaci\u00f3n<\/p>\n<p>[\/et_pb_text][dsm_image_hover_reveal src=\u00bbhttps:\/\/proyectosurbanosgt.com\/wp-content\/uploads\/2025\/01\/ANTIGUA-BORAL-RENDER_01-Luis-Angel-11.jpg\u00bb _builder_version=\u00bb4.27.0&#8243; _module_preset=\u00bbdefault\u00bb global_colors_info=\u00bb{}\u00bb theme_builder_area=\u00bbpost_content\u00bb][\/dsm_image_hover_reveal][\/et_pb_column][et_pb_column type=\u00bb1_2&#8243; _builder_version=\u00bb4.27.0&#8243; _module_preset=\u00bbdefault\u00bb background_color=\u00bb#fafafa\u00bb custom_padding=\u00bb3%|3%|3%|3%|true|true\u00bb global_colors_info=\u00bb{}\u00bb theme_builder_area=\u00bbpost_content\u00bb][et_pb_text _builder_version=\u00bb4.27.0&#8243; _module_preset=\u00bbdefault\u00bb text_text_color=\u00bb#363636&#8243; header_2_font=\u00bbInter|700||on|||||\u00bb header_2_text_color=\u00bb#1c1c1c\u00bb global_colors_info=\u00bb{}\u00bb theme_builder_area=\u00bbpost_content\u00bb]<\/p>\n<h2>Descripci\u00f3n<\/h2>\n<p>Construcci\u00f3n de Kioscos para restaurantes de Food Court en Universidad de Valle de Guatemala.<\/p>\n<p>[\/et_pb_text][et_pb_text _builder_version=\u00bb4.27.0&#8243; _module_preset=\u00bbdefault\u00bb text_text_color=\u00bb#363636&#8243; global_colors_info=\u00bb{}\u00bb theme_builder_area=\u00bbpost_content\u00bb]<\/p>\n<p><strong>Cliente: <\/strong>Universidad del Valle de Guatemala<\/p>\n<p><strong>Ubicaci\u00f3n:<\/strong> 18 avenida 11-95 Zona 15, Centro Tics UVG<\/p>\n<p><strong>A\u00f1o<\/strong>: Diciembre 2020<\/p>\n<p><strong>\u00c1rea de construcci\u00f3n:<\/strong> &#8212; mts\u00b2<\/p>\n<p><strong>Servicios Relacionados:<\/strong> Estructuras, acabados, mobiliario, pintura en estructuras, etc.<\/p>\n<p>[\/et_pb_text][\/et_pb_column][\/et_pb_row][et_pb_row _builder_version=\u00bb4.27.0&#8243; _module_preset=\u00bbdefault\u00bb custom_padding=\u00bb||9px|||\u00bb global_colors_info=\u00bb{}\u00bb theme_builder_area=\u00bbpost_content\u00bb][et_pb_column type=\u00bb4_4&#8243; _builder_version=\u00bb4.27.0&#8243; _module_preset=\u00bbdefault\u00bb global_colors_info=\u00bb{}\u00bb theme_builder_area=\u00bbpost_content\u00bb][et_pb_divider color=\u00bb#848484&#8243; _builder_version=\u00bb4.27.0&#8243; _module_preset=\u00bbdefault\u00bb global_colors_info=\u00bb{}\u00bb theme_builder_area=\u00bbpost_content\u00bb][\/et_pb_divider][\/et_pb_column][\/et_pb_row][\/et_pb_section][et_pb_section fb_built=\u00bb1&#8243; _builder_version=\u00bb4.27.0&#8243; _module_preset=\u00bbdefault\u00bb background_color=\u00bb#fafafa\u00bb custom_padding=\u00bb19px|||||\u00bb global_colors_info=\u00bb{}\u00bb theme_builder_area=\u00bbpost_content\u00bb][et_pb_row _builder_version=\u00bb4.27.0&#8243; _module_preset=\u00bbdefault\u00bb width=\u00bb90%\u00bb max_width=\u00bb100%\u00bb global_colors_info=\u00bb{}\u00bb theme_builder_area=\u00bbpost_content\u00bb][et_pb_column type=\u00bb4_4&#8243; _builder_version=\u00bb4.27.0&#8243; _module_preset=\u00bbdefault\u00bb global_colors_info=\u00bb{}\u00bb theme_builder_area=\u00bbpost_content\u00bb][dsm_masonry_gallery gallery_ids=\u00bb1176,1177,1178,1179,1180,1181,1182,1154&#8243; lazyload=\u00bbon\u00bb dsm_sort_images_order=\u00bbrand\u00bb use_overlay=\u00bbon\u00bb overlay_title=\u00bboff\u00bb overlay_caption=\u00bboff\u00bb use_lightbox=\u00bbon\u00bb lightbox_title=\u00bboff\u00bb lightbox_caption=\u00bboff\u00bb overlay_color=\u00bbrgba(54,54,54,0.3)\u00bb use_zoom_on_hover=\u00bbon\u00bb columns_tablet=\u00bb2&#8243; columns_phone=\u00bb2&#8243; columns_last_edited=\u00bbon|phone\u00bb _builder_version=\u00bb4.27.0&#8243; _module_preset=\u00bbdefault\u00bb global_colors_info=\u00bb{}\u00bb theme_builder_area=\u00bbpost_content\u00bb][\/dsm_masonry_gallery][\/et_pb_column][\/et_pb_row][\/et_pb_section]<\/p>\n","protected":false},"excerpt":{"rendered":"<p>Kioscos Food Court, Centro Tics UVG Proyecto de remodelaci\u00f3n<div class=\"et_pb_module dsm_image_hover_reveal dsm_image_hover_reveal_1\">\n\t\t\t\t\n\t\t\t\t\n\t\t\t\t\n\t\t\t\t\n\t\t\t\t\n\t\t\t\t\n\t\t\t\t<div class=\"et_pb_module_inner\">\n\t\t\t\t\t<div class=\"dsm-image-reveal\">\n\t\t\t\t\n\t\t\t\t\n\t\t\t\t<span class=\"et_pb_image_wrap vert-slide-down\" data-columnss=\"5\"><span class=\"dsm-image-reveal-back\"><\/span><\/span>\n\t\t\t<\/div>\n\t\t\t\t<\/div>\n\t\t\t<\/div>Descripci\u00f3n Construcci\u00f3n de Kioscos para restaurantes de Food Court en Universidad de Valle de Guatemala.Cliente: Universidad del Valle de Guatemala Ubicaci\u00f3n: 18 avenida 11-95 Zona 15, Centro Tics UVG A\u00f1o: Diciembre 2020 \u00c1rea de construcci\u00f3n: &#8212; mts\u00b2 Servicios Relacionados: Estructuras, acabados, mobiliario, pintura en estructuras, etc.<div class=\"et_pb_module dsm_masonry_gallery dsm_masonry_gallery_1\">\n\t\t\t\t\n\t\t\t\t\n\t\t\t\t\n\t\t\t\t\n\t\t\t\t\n\t\t\t\t\n\t\t\t\t<div class=\"et_pb_module_inner\">\n\t\t\t\t\t<div class=\"dsm-gallery grid dsm_masonry_zoom_hover\" data-lightbox=\"true\" data-horizontalorder=\"true\">\n                <div class=\"grid-sizer\"><\/div><div class=\"gutter-sizer\"><\/div><div class=\"grid-item\">\n                    <a href=\"https:\/\/proyectosurbanosgt.com\/wp-content\/uploads\/2025\/01\/KIOSCO-UVG7-Luis-Angel.jpg\"   data-mfp-src=\"https:\/\/proyectosurbanosgt.com\/wp-content\/uploads\/2025\/01\/KIOSCO-UVG7-Luis-Angel.jpg\">\n                        <div class=\"et_pb_image_wrap\">\n                            <img loading=\"lazy\" decoding=\"async\" src=\"https:\/\/proyectosurbanosgt.com\/wp-content\/uploads\/2025\/01\/KIOSCO-UVG7-Luis-Angel.jpg\" title=\"KIOSCO-UVG7-Luis-Angel\" alt=\"\" class=\"\" srcset=\"https:\/\/proyectosurbanosgt.com\/wp-content\/uploads\/2025\/01\/KIOSCO-UVG7-Luis-Angel.jpg 800w, https:\/\/proyectosurbanosgt.com\/wp-content\/uploads\/2025\/01\/KIOSCO-UVG7-Luis-Angel-480x480.jpg 480w\" sizes=\"(min-width: 0px) and (max-width: 480px) 480px, (min-width: 481px) 800px, 100vw\" width=\"800\" height=\"800\" \/>\n                            <span class=\"et_overlay dsm-overlay\">\n                        <div class=\"dsm-overlay-inner\">\n                            \n                            \n\t\t\t\t\t\t\t<p class=\"dsm-overlay-desc\">\n                    \n                <\/p>\n                        <\/div>\n                    <\/span>\n                        <\/div>\n                    <\/a>\n                <\/div><div class=\"grid-item\">\n                    <a href=\"https:\/\/proyectosurbanosgt.com\/wp-content\/uploads\/2025\/01\/KIOSCO-UVG3-Luis-Angel.jpg\"   data-mfp-src=\"https:\/\/proyectosurbanosgt.com\/wp-content\/uploads\/2025\/01\/KIOSCO-UVG3-Luis-Angel.jpg\">\n                        <div class=\"et_pb_image_wrap\">\n                            <img loading=\"lazy\" decoding=\"async\" src=\"https:\/\/proyectosurbanosgt.com\/wp-content\/uploads\/2025\/01\/KIOSCO-UVG3-Luis-Angel.jpg\" title=\"KIOSCO-UVG3-Luis-Angel\" alt=\"\" class=\"\" srcset=\"https:\/\/proyectosurbanosgt.com\/wp-content\/uploads\/2025\/01\/KIOSCO-UVG3-Luis-Angel.jpg 800w, https:\/\/proyectosurbanosgt.com\/wp-content\/uploads\/2025\/01\/KIOSCO-UVG3-Luis-Angel-480x480.jpg 480w\" sizes=\"(min-width: 0px) and (max-width: 480px) 480px, (min-width: 481px) 800px, 100vw\" width=\"800\" height=\"800\" \/>\n                            <span class=\"et_overlay dsm-overlay\">\n                        <div class=\"dsm-overlay-inner\">\n                            \n                            \n\t\t\t\t\t\t\t<p class=\"dsm-overlay-desc\">\n                    \n                <\/p>\n                        <\/div>\n                    <\/span>\n                        <\/div>\n                    <\/a>\n                <\/div><div class=\"grid-item\">\n                    <a href=\"https:\/\/proyectosurbanosgt.com\/wp-content\/uploads\/2025\/01\/KIOSCO-UVG5-Luis-Angel.jpg\"   data-mfp-src=\"https:\/\/proyectosurbanosgt.com\/wp-content\/uploads\/2025\/01\/KIOSCO-UVG5-Luis-Angel.jpg\">\n                        <div class=\"et_pb_image_wrap\">\n                            <img loading=\"lazy\" decoding=\"async\" src=\"https:\/\/proyectosurbanosgt.com\/wp-content\/uploads\/2025\/01\/KIOSCO-UVG5-Luis-Angel.jpg\" title=\"KIOSCO-UVG5-Luis-Angel\" alt=\"\" class=\"\" srcset=\"https:\/\/proyectosurbanosgt.com\/wp-content\/uploads\/2025\/01\/KIOSCO-UVG5-Luis-Angel.jpg 800w, https:\/\/proyectosurbanosgt.com\/wp-content\/uploads\/2025\/01\/KIOSCO-UVG5-Luis-Angel-480x480.jpg 480w\" sizes=\"(min-width: 0px) and (max-width: 480px) 480px, (min-width: 481px) 800px, 100vw\" width=\"800\" height=\"800\" \/>\n                            <span class=\"et_overlay dsm-overlay\">\n                        <div class=\"dsm-overlay-inner\">\n                            \n                            \n\t\t\t\t\t\t\t<p class=\"dsm-overlay-desc\">\n                    \n                <\/p>\n                        <\/div>\n                    <\/span>\n                        <\/div>\n                    <\/a>\n                <\/div><div class=\"grid-item\">\n                    <a href=\"https:\/\/proyectosurbanosgt.com\/wp-content\/uploads\/2025\/01\/KIOSCO-UVG6-Luis-Angel.jpg\"   data-mfp-src=\"https:\/\/proyectosurbanosgt.com\/wp-content\/uploads\/2025\/01\/KIOSCO-UVG6-Luis-Angel.jpg\">\n                        <div class=\"et_pb_image_wrap\">\n                            <img loading=\"lazy\" decoding=\"async\" src=\"https:\/\/proyectosurbanosgt.com\/wp-content\/uploads\/2025\/01\/KIOSCO-UVG6-Luis-Angel.jpg\" title=\"KIOSCO-UVG6-Luis-Angel\" alt=\"\" class=\"\" srcset=\"https:\/\/proyectosurbanosgt.com\/wp-content\/uploads\/2025\/01\/KIOSCO-UVG6-Luis-Angel.jpg 800w, https:\/\/proyectosurbanosgt.com\/wp-content\/uploads\/2025\/01\/KIOSCO-UVG6-Luis-Angel-480x480.jpg 480w\" sizes=\"(min-width: 0px) and (max-width: 480px) 480px, (min-width: 481px) 800px, 100vw\" width=\"800\" height=\"800\" \/>\n                            <span class=\"et_overlay dsm-overlay\">\n                        <div class=\"dsm-overlay-inner\">\n                            \n                            \n\t\t\t\t\t\t\t<p class=\"dsm-overlay-desc\">\n                    \n                <\/p>\n                        <\/div>\n                    <\/span>\n                        <\/div>\n                    <\/a>\n                <\/div><div class=\"grid-item\">\n                    <a href=\"https:\/\/proyectosurbanosgt.com\/wp-content\/uploads\/2025\/01\/ANTIGUA-BORAL-RENDER_01-Luis-Angel-11.jpg\"   data-mfp-src=\"https:\/\/proyectosurbanosgt.com\/wp-content\/uploads\/2025\/01\/ANTIGUA-BORAL-RENDER_01-Luis-Angel-11.jpg\">\n                        <div class=\"et_pb_image_wrap\">\n                            <img loading=\"lazy\" decoding=\"async\" src=\"https:\/\/proyectosurbanosgt.com\/wp-content\/uploads\/2025\/01\/ANTIGUA-BORAL-RENDER_01-Luis-Angel-11.jpg\" title=\"ANTIGUA-BORAL-RENDER_01-Luis-Angel-11\" alt=\"\" class=\"\" srcset=\"https:\/\/proyectosurbanosgt.com\/wp-content\/uploads\/2025\/01\/ANTIGUA-BORAL-RENDER_01-Luis-Angel-11.jpg 1600w, https:\/\/proyectosurbanosgt.com\/wp-content\/uploads\/2025\/01\/ANTIGUA-BORAL-RENDER_01-Luis-Angel-11-1280x640.jpg 1280w, https:\/\/proyectosurbanosgt.com\/wp-content\/uploads\/2025\/01\/ANTIGUA-BORAL-RENDER_01-Luis-Angel-11-980x490.jpg 980w, https:\/\/proyectosurbanosgt.com\/wp-content\/uploads\/2025\/01\/ANTIGUA-BORAL-RENDER_01-Luis-Angel-11-480x240.jpg 480w\" sizes=\"(min-width: 0px) and (max-width: 480px) 480px, (min-width: 481px) and (max-width: 980px) 980px, (min-width: 981px) and (max-width: 1280px) 1280px, (min-width: 1281px) 1600px, 100vw\" width=\"1600\" height=\"800\" \/>\n                            <span class=\"et_overlay dsm-overlay\">\n                        <div class=\"dsm-overlay-inner\">\n                            \n                            \n\t\t\t\t\t\t\t<p class=\"dsm-overlay-desc\">\n                    \n                <\/p>\n                        <\/div>\n                    <\/span>\n                        <\/div>\n                    <\/a>\n                <\/div><div class=\"grid-item\">\n                    <a href=\"https:\/\/proyectosurbanosgt.com\/wp-content\/uploads\/2025\/01\/KIOSCO-UVG4-Luis-Angel.jpg\"   data-mfp-src=\"https:\/\/proyectosurbanosgt.com\/wp-content\/uploads\/2025\/01\/KIOSCO-UVG4-Luis-Angel.jpg\">\n                        <div class=\"et_pb_image_wrap\">\n                            <img loading=\"lazy\" decoding=\"async\" src=\"https:\/\/proyectosurbanosgt.com\/wp-content\/uploads\/2025\/01\/KIOSCO-UVG4-Luis-Angel.jpg\" title=\"KIOSCO-UVG4-Luis-Angel\" alt=\"\" class=\"\" srcset=\"https:\/\/proyectosurbanosgt.com\/wp-content\/uploads\/2025\/01\/KIOSCO-UVG4-Luis-Angel.jpg 800w, https:\/\/proyectosurbanosgt.com\/wp-content\/uploads\/2025\/01\/KIOSCO-UVG4-Luis-Angel-480x480.jpg 480w\" sizes=\"(min-width: 0px) and (max-width: 480px) 480px, (min-width: 481px) 800px, 100vw\" width=\"800\" height=\"800\" \/>\n                            <span class=\"et_overlay dsm-overlay\">\n                        <div class=\"dsm-overlay-inner\">\n                            \n                            \n\t\t\t\t\t\t\t<p class=\"dsm-overlay-desc\">\n                    \n                <\/p>\n                        <\/div>\n                    <\/span>\n                        <\/div>\n                    <\/a>\n                <\/div><div class=\"grid-item\">\n                    <a href=\"https:\/\/proyectosurbanosgt.com\/wp-content\/uploads\/2025\/01\/KIOSCO-UVG2-Luis-Angel.jpg\"   data-mfp-src=\"https:\/\/proyectosurbanosgt.com\/wp-content\/uploads\/2025\/01\/KIOSCO-UVG2-Luis-Angel.jpg\">\n                        <div class=\"et_pb_image_wrap\">\n                            <img loading=\"lazy\" decoding=\"async\" src=\"https:\/\/proyectosurbanosgt.com\/wp-content\/uploads\/2025\/01\/KIOSCO-UVG2-Luis-Angel.jpg\" title=\"KIOSCO-UVG2-Luis-Angel\" alt=\"\" class=\"\" srcset=\"https:\/\/proyectosurbanosgt.com\/wp-content\/uploads\/2025\/01\/KIOSCO-UVG2-Luis-Angel.jpg 800w, https:\/\/proyectosurbanosgt.com\/wp-content\/uploads\/2025\/01\/KIOSCO-UVG2-Luis-Angel-480x480.jpg 480w\" sizes=\"(min-width: 0px) and (max-width: 480px) 480px, (min-width: 481px) 800px, 100vw\" width=\"800\" height=\"800\" \/>\n                            <span class=\"et_overlay dsm-overlay\">\n                        <div class=\"dsm-overlay-inner\">\n                            \n                            \n\t\t\t\t\t\t\t<p class=\"dsm-overlay-desc\">\n                    \n                <\/p>\n                        <\/div>\n                    <\/span>\n                        <\/div>\n                    <\/a>\n                <\/div><div class=\"grid-item\">\n                    <a href=\"https:\/\/proyectosurbanosgt.com\/wp-content\/uploads\/2025\/01\/KIOSCO-UVG1-Luis-Angel.jpg\"   data-mfp-src=\"https:\/\/proyectosurbanosgt.com\/wp-content\/uploads\/2025\/01\/KIOSCO-UVG1-Luis-Angel.jpg\">\n                        <div class=\"et_pb_image_wrap\">\n                            <img loading=\"lazy\" decoding=\"async\" src=\"https:\/\/proyectosurbanosgt.com\/wp-content\/uploads\/2025\/01\/KIOSCO-UVG1-Luis-Angel.jpg\" title=\"KIOSCO-UVG1-Luis-Angel\" alt=\"\" class=\"\" srcset=\"https:\/\/proyectosurbanosgt.com\/wp-content\/uploads\/2025\/01\/KIOSCO-UVG1-Luis-Angel.jpg 800w, https:\/\/proyectosurbanosgt.com\/wp-content\/uploads\/2025\/01\/KIOSCO-UVG1-Luis-Angel-480x480.jpg 480w\" sizes=\"(min-width: 0px) and (max-width: 480px) 480px, (min-width: 481px) 800px, 100vw\" width=\"800\" height=\"800\" \/>\n                            <span class=\"et_overlay dsm-overlay\">\n                        <div class=\"dsm-overlay-inner\">\n                            \n                            \n\t\t\t\t\t\t\t<p class=\"dsm-overlay-desc\">\n                    \n                <\/p>\n                        <\/div>\n                    <\/span>\n                        <\/div>\n                    <\/a>\n                <\/div>\n             <\/div>\n\t\t\t\t<\/div>\n\t\t\t<\/div><\/p>\n","protected":false},"author":2,"featured_media":0,"parent":1149,"menu_order":0,"comment_status":"closed","ping_status":"closed","template":"","meta":{"_et_pb_use_builder":"on","_et_pb_old_content":"","_et_gb_content_width":"","footnotes":""},"class_list":["post-1174","page","type-page","status-publish","hentry"],"yoast_head":"<!-- This site is optimized with the Yoast SEO plugin v24.3 - https:\/\/yoast.com\/wordpress\/plugins\/seo\/ -->\n<title>Kioscos Food Court, Centro Tics UVG - Proyectos Urbanos<\/title>\n<meta name=\"robots\" content=\"index, follow, max-snippet:-1, max-image-preview:large, max-video-preview:-1\" \/>\n<link rel=\"canonical\" href=\"https:\/\/proyectosurbanosgt.com\/?page_id=1174\" \/>\n<meta property=\"og:locale\" content=\"es_ES\" \/>\n<meta property=\"og:type\" content=\"article\" \/>\n<meta property=\"og:title\" content=\"Kioscos Food Court, Centro Tics UVG - Proyectos Urbanos\" \/>\n<meta property=\"og:description\" content=\"Kioscos Food Court, Centro Tics UVG Proyecto de remodelaci\u00f3nDescripci\u00f3n Construcci\u00f3n de Kioscos para restaurantes de Food Court en Universidad de Valle de Guatemala.Cliente: Universidad del Valle de Guatemala Ubicaci\u00f3n: 18 avenida 11-95 Zona 15, Centro Tics UVG A\u00f1o: Diciembre 2020 \u00c1rea de construcci\u00f3n: -- mts\u00b2 Servicios Relacionados: Estructuras, acabados, mobiliario, pintura en estructuras, etc.\" \/>\n<meta property=\"og:url\" content=\"https:\/\/proyectosurbanosgt.com\/?page_id=1174\" \/>\n<meta property=\"og:site_name\" content=\"Proyectos Urbanos\" \/>\n<meta property=\"article:modified_time\" content=\"2025-01-24T15:06:17+00:00\" \/>\n<meta name=\"twitter:card\" content=\"summary_large_image\" \/>\n<meta name=\"twitter:label1\" content=\"Tiempo de lectura\" \/>\n\t<meta name=\"twitter:data1\" content=\"3 minutos\" \/>\n<script type=\"application\/ld+json\" class=\"yoast-schema-graph\">{\"@context\":\"https:\/\/schema.org\",\"@graph\":[{\"@type\":\"WebPage\",\"@id\":\"https:\/\/proyectosurbanosgt.com\/?page_id=1174\",\"url\":\"https:\/\/proyectosurbanosgt.com\/?page_id=1174\",\"name\":\"Kioscos Food Court, Centro Tics UVG - Proyectos Urbanos\",\"isPartOf\":{\"@id\":\"https:\/\/proyectosurbanosgt.com\/#website\"},\"datePublished\":\"2025-01-24T14:58:53+00:00\",\"dateModified\":\"2025-01-24T15:06:17+00:00\",\"breadcrumb\":{\"@id\":\"https:\/\/proyectosurbanosgt.com\/?page_id=1174#breadcrumb\"},\"inLanguage\":\"es\",\"potentialAction\":[{\"@type\":\"ReadAction\",\"target\":[\"https:\/\/proyectosurbanosgt.com\/?page_id=1174\"]}]},{\"@type\":\"BreadcrumbList\",\"@id\":\"https:\/\/proyectosurbanosgt.com\/?page_id=1174#breadcrumb\",\"itemListElement\":[{\"@type\":\"ListItem\",\"position\":1,\"name\":\"Home\",\"item\":\"https:\/\/proyectosurbanosgt.com\/\"},{\"@type\":\"ListItem\",\"position\":2,\"name\":\"Proyectos de Remodelaci\u00f3n\",\"item\":\"https:\/\/proyectosurbanosgt.com\/?page_id=1149\"},{\"@type\":\"ListItem\",\"position\":3,\"name\":\"Kioscos Food Court, Centro Tics UVG\"}]},{\"@type\":\"WebSite\",\"@id\":\"https:\/\/proyectosurbanosgt.com\/#website\",\"url\":\"https:\/\/proyectosurbanosgt.com\/\",\"name\":\"Proyectos Urbanos\",\"description\":\"Creemos que el dise\u00f1o planificaci\u00f3n y desarrollo de proyectos, transforman vidas y comunidades\",\"potentialAction\":[{\"@type\":\"SearchAction\",\"target\":{\"@type\":\"EntryPoint\",\"urlTemplate\":\"https:\/\/proyectosurbanosgt.com\/?s={search_term_string}\"},\"query-input\":{\"@type\":\"PropertyValueSpecification\",\"valueRequired\":true,\"valueName\":\"search_term_string\"}}],\"inLanguage\":\"es\"}]}<\/script>\n<!-- \/ Yoast SEO plugin. -->","yoast_head_json":{"title":"Kioscos Food Court, Centro Tics UVG - Proyectos Urbanos","robots":{"index":"index","follow":"follow","max-snippet":"max-snippet:-1","max-image-preview":"max-image-preview:large","max-video-preview":"max-video-preview:-1"},"canonical":"https:\/\/proyectosurbanosgt.com\/?page_id=1174","og_locale":"es_ES","og_type":"article","og_title":"Kioscos Food Court, Centro Tics UVG - Proyectos Urbanos","og_description":"Kioscos Food Court, Centro Tics UVG Proyecto de remodelaci\u00f3nDescripci\u00f3n Construcci\u00f3n de Kioscos para restaurantes de Food Court en Universidad de Valle de Guatemala.Cliente: Universidad del Valle de Guatemala Ubicaci\u00f3n: 18 avenida 11-95 Zona 15, Centro Tics UVG A\u00f1o: Diciembre 2020 \u00c1rea de construcci\u00f3n: -- mts\u00b2 Servicios Relacionados: Estructuras, acabados, mobiliario, pintura en estructuras, etc.","og_url":"https:\/\/proyectosurbanosgt.com\/?page_id=1174","og_site_name":"Proyectos Urbanos","article_modified_time":"2025-01-24T15:06:17+00:00","twitter_card":"summary_large_image","twitter_misc":{"Tiempo de lectura":"3 minutos"},"schema":{"@context":"https:\/\/schema.org","@graph":[{"@type":"WebPage","@id":"https:\/\/proyectosurbanosgt.com\/?page_id=1174","url":"https:\/\/proyectosurbanosgt.com\/?page_id=1174","name":"Kioscos Food Court, Centro Tics UVG - Proyectos Urbanos","isPartOf":{"@id":"https:\/\/proyectosurbanosgt.com\/#website"},"datePublished":"2025-01-24T14:58:53+00:00","dateModified":"2025-01-24T15:06:17+00:00","breadcrumb":{"@id":"https:\/\/proyectosurbanosgt.com\/?page_id=1174#breadcrumb"},"inLanguage":"es","potentialAction":[{"@type":"ReadAction","target":["https:\/\/proyectosurbanosgt.com\/?page_id=1174"]}]},{"@type":"BreadcrumbList","@id":"https:\/\/proyectosurbanosgt.com\/?page_id=1174#breadcrumb","itemListElement":[{"@type":"ListItem","position":1,"name":"Home","item":"https:\/\/proyectosurbanosgt.com\/"},{"@type":"ListItem","position":2,"name":"Proyectos de Remodelaci\u00f3n","item":"https:\/\/proyectosurbanosgt.com\/?page_id=1149"},{"@type":"ListItem","position":3,"name":"Kioscos Food Court, Centro Tics UVG"}]},{"@type":"WebSite","@id":"https:\/\/proyectosurbanosgt.com\/#website","url":"https:\/\/proyectosurbanosgt.com\/","name":"Proyectos Urbanos","description":"Creemos que el dise\u00f1o planificaci\u00f3n y desarrollo de proyectos, transforman vidas y comunidades","potentialAction":[{"@type":"SearchAction","target":{"@type":"EntryPoint","urlTemplate":"https:\/\/proyectosurbanosgt.com\/?s={search_term_string}"},"query-input":{"@type":"PropertyValueSpecification","valueRequired":true,"valueName":"search_term_string"}}],"inLanguage":"es"}]}},"_links":{"self":[{"href":"https:\/\/proyectosurbanosgt.com\/index.php?rest_route=\/wp\/v2\/pages\/1174","targetHints":{"allow":["GET"]}}],"collection":[{"href":"https:\/\/proyectosurbanosgt.com\/index.php?rest_route=\/wp\/v2\/pages"}],"about":[{"href":"https:\/\/proyectosurbanosgt.com\/index.php?rest_route=\/wp\/v2\/types\/page"}],"author":[{"embeddable":true,"href":"https:\/\/proyectosurbanosgt.com\/index.php?rest_route=\/wp\/v2\/users\/2"}],"replies":[{"embeddable":true,"href":"https:\/\/proyectosurbanosgt.com\/index.php?rest_route=%2Fwp%2Fv2%2Fcomments&post=1174"}],"version-history":[{"count":2,"href":"https:\/\/proyectosurbanosgt.com\/index.php?rest_route=\/wp\/v2\/pages\/1174\/revisions"}],"predecessor-version":[{"id":1183,"href":"https:\/\/proyectosurbanosgt.com\/index.php?rest_route=\/wp\/v2\/pages\/1174\/revisions\/1183"}],"up":[{"embeddable":true,"href":"https:\/\/proyectosurbanosgt.com\/index.php?rest_route=\/wp\/v2\/pages\/1149"}],"wp:attachment":[{"href":"https:\/\/proyectosurbanosgt.com\/index.php?rest_route=%2Fwp%2Fv2%2Fmedia&parent=1174"}],"curies":[{"name":"wp","href":"https:\/\/api.w.org\/{rel}","templated":true}]}}